 base 10.
-8
What is -7 (base 10) in base 13?
-7
0 (base 15) to base 12
0
13 (base 6) to base 8
11
What is 44 (base 6) in base 13?
22
What is -22 (base 12) in base 5?
-101
What is 47 (base 9) in base 3?
1121
What is 11 (base 11) in base 8?
14
1 (base 6) to base 2
1
-7 (base 15) to base 9
-7
Convert -5 (base 7) to base 5.
-10
-41 (base 7) to base 5
-104
1e (base 15) to base 8
35
What is 78 (base 12) in base 15?
62
What is -83 (base 11) in base 13?
-70
Convert 18 (base 15) to base 4.
113
-4 (base 12) to base 7
-4
Convert -148 (base 13) to base 14.
-125
Convert -10 (base 3) to base 12.
-3
Convert 1010010 (base 2) to base 14.
5c
What is 17 (base 11) in base 7?
24
-22 (base 11) to base 12
-20
6 (base 9) to base 7
6
What is 9b (base 14) in base 6?
345
What is 1 (base 2) in base 6?
1
-1a0 (base 11) to base 6
-1023
Convert -1 (base 13) to base 5.
-1
-1100110 (base 2) to base 4
-1212
What is 241 (base 7) in base 5?
1002
40 (base 10) to base 4
220
Convert 10 (base 12) to base 10.
12
Convert 442 (base 6) to base 11.
145
Convert -313 (base 4) to base 11.
-50
Convert 43 (base 8) to base 4.
203
3b (base 15) to base 12
48
138 (base 13) to base 8
330
Convert 0 (base 4) to base 7.
0
-120 (base 3) to base 16
-f
Convert -6a (base 15) to base 7.
-202
Convert 11 (base 5) to base 12.
6
Convert 3004 (base 5) to base 10.
379
Convert -1 (base 2) to base 3.
-1
a3 (base 15) to base 10
153
25 (base 8) to base 11
1a
What is -12 (base 4) in base 13?
-6
-3 (base 4) to base 6
-3
-5a (base 15) to base 3
-10011
What is -18 (base 11) in base 14?
-15
What is -201 (base 5) in base 4?
-303
What is -35 (base 7) in base 11?
-24
11000 (base 2) to base 3
220
-6 (base 9) to base 4
-12
Convert -104 (base 6) to base 7.
-55
70 (base 16) to base 8
160
Convert -2 (base 12) to base 15.
-2
What is 0 (base 6) in base 3?
0
What is -2 (base 8) in base 7?
-2
202 (base 5) to base 10
52
What is 1 (base 12) in base 7?
1
What is 11001 (base 2) in base 14?
1b
-1 (base 10) to base 16
-1
1021 (base 5) to base 6
344
1 (base 14) to base 16
1
-2 (base 15) to base 8
-2
What is -4 (base 9) in base 12?
-4
-135 (base 12) to base 5
-1220
What is 55 (base 12) in base 8?
101
Convert -53 (base 8) to base 2.
-101011
What is -3a (base 16) in base 6?
-134
2 (base 4) to base 6
2
What is 8 (base 10) in base 13?
8
Convert 21 (base 6) to base 13.
10
110 (base 4) to base 11
19
What is 3 (base 13) in base 4?
3
Convert 1 (base 4) to base 13.
1
14 (base 11) to base 6
23
Convert 6 (base 14) to base 10.
6
Convert -11 (base 14) to base 12.
-13
What is 4 (base 6) in base 13?
4
What is -3 (base 16) in base 2?
-11
82 (base 9) to base 12
62
-1032 (base 4) to base 9
-86
Convert 32 (base 5) to base 16.
11
Convert -27 (base 14) to base 2.
-100011
Convert 16 (base 7) to base 12.
11
What is -2 (base 12) in base 8?
-2
What is -101 (base 11) in base 12?
-a2
What is 1 (base 15) in base 9?
1
1100 (base 2) to base 12
10
172 (base 11) to base 6
532
What is 2 (base 15) in base 11?
2
-162 (base 13) to base 5
-1444
What is -7 (base 15) in base 5?
-12
2 (base 11) to base 6
2
What is -4 (base 12) in base 14?
-4
Convert 110 (base 8) to base 12.
60
Convert 22 (base 4) to base 9.
11
What is -2 (base 16) in base 12?
-2
0 (base 5) to base 13
0
What is 10 (base 2) in base 5?
2
What is 6 (base 8) in base 7?
6
What is 7 (base 16) in base 6?
11
Convert 0 (base 4) to base 6.
0
-12 (base 7) to base 5
-14
Convert -a (base 13) to base 6.
-14
What is 120 (base 3) in base 16?
f
Convert 3 (base 16) to base 8.
3
31 (base 5) to base 9
17
Convert -7 (base 9) to base 2.
-111
-25 (base 16) to base 6
-101
What is 110 (base 2) in base 7?
6
Convert 1 (base 6) to base 10.
1
Convert -1001 (base 2) to base 3.
-100
-3 (base 11) to base 6
-3
Convert -3 (base 9) to base 13.
-3
Convert 1120 (base 3) to base 14.
30
What is -26 (base 8) in base 3?
-211
-20 (base 16) to base 14
-24
Convert 1 (base 15) to base 11.
1
What is 42 (base 5) in base 11?
20
What is -1 (base 6) in base 5?
-1
-2 (base 9) to base 10
-2
-4a (base 12) to base 11
-53
Convert -1 (base 7) to base 11.
-1
-4 (base 9) to base 3
-11
What is -7 (base 16) in base 9?
-7
Convert -13 (base 15) to base 12.
-16
What is -10 (base 3) in base 14?
-3
What is 3 (base 8) in base 15?
3
Convert -1c (base 16) to base 10.
-28
Convert 29 (base 10) to base 6.
45
-8 (base 11) to base 8
-10
What is -2 (base 12) in base 6?
-2
-111 (base 5) to base 12
-27
Convert -174 (base 16) to base 14.
-1c8
Convert -31 (base 11) to base 2.
-100010
-1f (base 16) to base 13
-25
Convert 1232 (base 4) to base 7.
215
Convert 77 (base 8) to base 6.
143
What is 8 (base 11) in base 7?
11
Convert -176 (base 8) to base 3.
-11200
Convert 72 (base 13) to base 16.
5d
295 (base 10) to base 4
10213
What is -2 (base 9) in base 2?
-10
Convert -26 (base 7) to base 13.
-17
What is 1121 (base 4) in base 12?
75
What is 125 (base 9) in base 5?
404
Convert 0 (base 10) to base 6.
0
0 (base 6) to base 13
0
Convert 233 (base 4) to base 14.
35
-1 (base 9) to base 7
-1
Convert -a9 (base 15) to base 5.
-1114
What is 1 (base 9) in base 10?
1
3 (base 11) to base 8
3
Convert -14 (base 8) to base 10.
-12
Convert 6 (base 7) to base 10.
6
-100 (base 2) to base 8
-4
What is -d8 (base 15) in base 13?
-128
4 (base 6) to base 12
4
Convert 40 (base 7) to base 4.
130
10 (base 16) to base 14
12
What is 1011010 (base 2) in base 16?
5a
51 (base 14) to base 9
78
Convert -2 (base 5) to base 9.
-2
Convert -2 (base 16) to base 10.
-2
What is 328 (base 9) in base 3?
100222
-101 (base 3) to base 15
-a
What is 12 (base 12) in base 2?
1110
-7 (base 9) to base 14
-7
What is 2a5 (base 11) in base 15?
18c
Convert -4 (base 9) to base 7.
-4
What is 27 (base 9) in base 3?
221
Convert -232 (base 5) to base 12.
-57
10201 (base 3) to base 16
64
-2021 (base 3) to base 14
-45
-194 (base 12) to base 6
-1104
Convert 144 (base 12) to base 3.
21021
What is 102 (base 9) in base 3?
10002
-11011 (base 3) to base 7
-220
What is 2 (base 12) in base 10?
2
What is 146 (base 12) in base 16?
c6
Convert -1 (base 7) to base 9.
-1
Convert -4 (base 9) to base 3.
-11
What is 1000 (base 2) in base 6?
12
What is -247 (base 10) in base 5?
-1442
What is 2 (base 7) in base 15?
2
1010111 (base 2) to base 16
57
Convert -20 (base 11) to base 6.
-34
Convert 2 (base 3) to base 16.
2
184 (base 14) to base 5
2222
Convert 19 (base 12) to base 15.
16
10 (base 7) to base 13
7
103 (base 5) to base 9
31
What is 20 (base 3) in base 16?
6
-3 (base 15) to base 13
-3
1 (base 11) to base 3
1
-5 (base 14) to base 13
-5
Convert -10 (base 3) to base 7.
-3
10 (base 5) to base 9
5
121 (base 5) to base 9
40
Convert -34 (base 15) to base 12.
-41
Convert 12112 (base 3) to base 8.
225
-2 (base 9) to base 2
-10
-4c (base 13) to base 5
-224
Convert 10 (base 3) to base 11.
3
-1a (base 15) to base 9
-27
What is -5 (base 15) in base 3?
-12
What is -6 (base 12) in base 15?
-6
Convert 1035 (base 6) to base 11.
1a8
What is -2a (base 14) in base 8?
-46
What is -4 (base 12) in base 8?
-4
a7 (base 11) to base 2
1110101
Convert -11 (base 2) to base 14.
-3
Convert -3 (base 12) to base 15.
-3
Convert 0 (base 3) to base 13.
0
330 (base 6) to base 11
105
What is 49 (base 14) in base 5?
230
Convert 144 (base 6) to base 7.
121
What is -138 (base 13) in base 10?
-216
Convert 430 (base 6) to base 7.
321
Convert -201 (base 7) to base 8.
-143
What is -300 (base 5) in base 8?
-113
Convert 7 (base 15) to base 13.
7
Convert 7 (base 8) to base 13.
7
101 (base 2) to base 4
11
Convert -52 (base 8) to base 16.
-2a
Convert 16 (base 9) to base 4.
33
5 (base 6) to base 2
101
What is 3 (base 6) in base 5?
3
Convert -2a (base 11) to base 3.
-1012
8 (base 12) to base 11
8
What is -2 (base 7) in base 16?
-2
Convert -260 (base 10) to base 3.
-100122
Convert -151 (base 8) to base 5.
-410
-3 (base 13) to base 15
-3
1000 (base 2) to base 11
8
Convert -12b (base 12) to base 4.
-2303
What is -1 (base 3) in base 2?
-1
-4e (base 16) to base 12
-66
What is 2 (base 10) in base 15?
2
Convert -300 (base 5) to base 12.
-63
What is -21020 (base 3) in base 11?
-168
Convert 1 (base 16) to base 3.
1
What is -9 (base 11) in base 4?
-21
Convert -4 (base 9) to base 2.
-100
Convert -12 (base 10) to base 8.
-14
5 (base 11) to base 15
5
222 (base 4) to base 5
132
-9 (base 14) to base 8
-11
-2222 (base 4) to base 16